base 15) to base 12.
741b63
Convert 3222123 (base 5) to base 14.
15cc7
12b5ab (base 13) to base 2
1101110101111000000
What is 238b99 (base 14) in base 13?
337123
Convert 130b56c (base 13) to base 4.
112300133132
Convert -12032212 (base 5) to base 2.
-11011001111000101
Convert 1377546 (base 9) to base 8.
2714401
2000001 (base 5) to base 6
400403
-100101021221111 (base 3) to base 11
-28a5825
-11400241 (base 5) to base 4
-121331101
What is 212553032 (base 6) in base 2?
1110011010011111001100
Convert 1004b2 (base 14) to base 15.
a9979
What is 92918 (base 13) in base 2?
1000000001101001001
What is 117b44c (base 15) in base 6?
1124455000
-887101a (base 11) to base 16
-ed7fbf
What is -400284 (base 9) in base 15?
-4a0c4
Convert 1664265 (base 7) to base 2.
111001001110101110
Convert 1111001010110001001 (base 2) to base 3.
221020210122
What is -133119 (base 10) in base 15?
-29699
What is 443644 (base 9) in base 8?
1005701
-12a801 (base 16) to base 7
-13251412
Convert -226325b (base 13) to base 3.
-201220020120221
What is 157680 (base 10) in base 2?
100110011111110000
What is 6778a (base 14) in base 2?
111101010100111110
-143425410 (base 6) to base 4
-23112020232
Convert 3644663 (base 8) to base 16.
f49b3
Convert -1453440 (base 6) to base 13.
-2c93a
Convert -21942 (base 13) to base 15.
-13099
Convert 289385 (base 12) to base 8.
2457325
What is 10111000110100110000011 (base 2) in base 5?
3022300243
What is -5793f (base 16) in base 14?
-94a2b
What is 1201100210102 (base 3) in base 8?
3366255
-111100010011001000 (base 2) to base 4
-330103020
What is -234425524 (base 6) in base 14?
-83103a
Convert -10bb058 (base 13) to base 15.
-6c0680
What is -2343132 (base 7) in base 14?
-7a052
What is -11111001111010111 (base 2) in base 10?
-127959
What is 1110011120101 (base 3) in base 10?
770968
Convert 2200ab5 (base 13) to base 9.
21507380
-1011113203013 (base 4) to base 10
-18184391
-522404420 (base 6) to base 12
-3060710
-11ac056 (base 13) to base 11
-3123945
What is -255457 (base 9) in base 12?
-757a4
What is -121133 (base 7) in base 3?
-1010012202
What is -b07296 (base 15) in base 16?
-7fd3fd
Convert 717132 (base 10) to base 11.
44a879
What is 5b6117 (base 12) in base 9?
2710001
Convert 1010011110101101001 (base 2) to base 10.
343401
ab69c0 (base 14) to base 13
1289929
Convert 348783 (base 10) to base 14.
91171
What is -8679a0 (base 12) in base 9?
-4003773
Convert 1f28 (base 16) to base 12.
4748
What is 304331330 (base 5) in base 6?
42411440
Convert 74d1 (base 14) to base 4.
10323033
Convert -f39dd (base 16) to base 15.
-14a9d8
What is -3400313 (base 5) in base 7?
-335230
121803 (base 16) to base 4
10201200003
Convert 1201152 (base 8) to base 16.
5026a
What is 31011 (base 8) in base 12?
74b5
-1010110100111001110010 (base 2) to base 9
-5305157
Convert -11100000010011010 (base 2) to base 4.
-130002122
263402 (base 7) to base 12
245bb
Convert -6674946 (base 10) to base 16.
-65da02
-201000111020210 (base 3) to base 7
-151623405
-156802 (base 14) to base 4
-2312212202
1000111010100111110011 (base 2) to base 3
11101202010110
Convert 1434278 (base 9) to base 8.
3007705
55212 (base 10) to base 3
2210201220
What is b50a18 (base 14) in base 9?
12442458
Convert 144500043 (base 6) to base 13.
81ba9c
-1011101001111010 (base 2) to base 9
-72432
1321230134 (base 5) to base 7
40043461
Convert 12789332 (base 10) to base 6.
1134041512
4d152 (base 16) to base 7
2453332
What is -303113133 (base 6) in base 2?
-10011110010101111110001
-2000102120212 (base 3) to base 16
-1058e1
What is -a978 (base 15) in base 6?
-434052
Convert 15531151 (base 6) to base 4.
2013303223
What is 665108 (base 9) in base 16?
61052
Convert 264578 (base 9) to base 16.
27458
-2102122102201 (base 3) to base 14
-258c52
Convert 1338307 (base 10) to base 8.
5065703
221002002201 (base 3) to base 8
1704046
What is 852120 (base 9) in base 14?
d296a
Convert -1100010110111001 (base 2) to base 13.
-1a068
Convert 27c (base 14) to base 4.
13312
11312055 (base 6) to base 16
55dc3
-1145212 (base 6) to base 5
-3421101
Convert 52175 (base 13) to base 16.
24008
Convert 33056476 (base 9) to base 15.
160a0bc
3122201123 (base 5) to base 2
11000100101001110001001
2100020110 (base 3) to base 10
46101
1322224 (base 6) to base 15
169d1
Convert 1169788 (base 14) to base 10.
8324044
What is -152b6b (base 15) in base 8?
-3713602
111010102100112 (base 3) to base 12
24050a2
Convert 501360 (base 7) to base 10.
84567
Convert -2245433 (base 6) to base 15.
-24263
What is 201003300 (base 4) in base 11?
92809
What is -11373 (base 11) in base 13?
-7619
194ad9 (base 14) to base 5
212143240
10132031 (base 5) to base 8
242677
Convert -1d3990 (base 14) to base 6.
-34240510
What is 296934 (base 11) in base 12?
1a3b1b
Convert -4a8481 (base 15) to base 13.
-980998
-1134304314 (base 5) to base 9
-4878823
13356646 (base 7) to base 4
10233003112
Convert -5015102 (base 6) to base 15.
-49c7e
Convert -114124522 (base 6) to base 11.
-1244047
What is -425414 (base 8) in base 4?
-202230030
Convert 2322240 (base 5) to base 6.
523203
Convert cf2e6 (base 16) to base 8.
3171346
Convert 22440123 (base 7) to base 5.
1000144112
What is -10973 (base 15) in base 10?
-52758
Convert -1100001100110000 (base 2) to base 5.
-3044333
-108529 (base 11) to base 13
-60597
3232225 (base 6) to base 2
100111000010111001
What is -24186 (base 10) in base 13?
-b016
Convert 400b5 (base 13) to base 6.
2241332
What is -366041 (base 10) in base 15?
-736cb
What is 65512045 (base 7) in base 2?
10101011011010000010010
13442503 (base 8) to base 13
822317
-11001010110110000 (base 2) to base 11
-71035
Convert 1435101 (base 6) to base 11.
57201
Convert -a40797 (base 11) to base 13.
-4661a8
111101000110010101001 (base 2) to base 11
1148221
-333263 (base 8) to base 15
-23422
3305354 (base 6) to base 10
164518
What is -3c3a90 (base 13) in base 16?
-165ab1
Convert 122137 (base 10) to base 3.
20012112121
Convert -2036064 (base 7) to base 3.
-110102112110
Convert -1b8921 (base 13) to base 14.
-144aba
What is 1133202230 (base 4) in base 6?
12215432
1118560 (base 9) to base 3
1010122122000
Convert 45a460 (base 15) to base 9.
6227480
Convert 23a153 (base 14) to base 4.
10221200231
Convert -120112012022 (base 3) to base 14.
-7d522
What is 301221000 (base 4) in base 10?
203328
What is -111101110001010111111010 (base 2) in base 7?
-254431652
What is -2231112212 (base 5) in base 12?
-17a3845
Convert -271454 (base 10) to base 7.
-2210261
Convert 2321045 (base 10) to base 12.
93b245
9c0ad (base 14) to base 11
239687
Convert 10300553 (base 7) to base 15.
124082
Convert -2343757 (base 8) to base 11.
-3a8664
Convert 2675a (base 13) to base 4.
101132022
5677463 (base 10) to base 7
66154241
What is 202676 (base 8) in base 7?
366232
What is -4cd974 (base 14) in base 3?
-11222121212201
Convert -27a3b2 (base 14) to base 7.
-14445112
Convert 102111303 (base 4) to base 8.
222563
-100010101000111111000111 (base 2) to base 12
-305b0b3
Convert -11001110111011001 (base 2) to base 3.
-12101022220
Convert 417a80 (base 12) to base 2.
11111011011001000000
-100111111101101111 (base 2) to base 14
-43927
What is 6ed31 (base 16) in base 6?
13421321
Convert 12c45 (base 15) to base 7.
340223
130144412 (base 5) to base 4
2122013000
Convert 5501505 (base 6) to base 2.
1000010100010110001
417066 (base 9) to base 13
88aca
Convert -1bac2d (base 14) to base 7.
-11262656
-880831 (base 10) to base 14
-18d007
What is 1110100100100010110 (base 2) in base 10?
477462
What is -2810 (base 9) in base 10?
-2115
-7280684 (base 10) to base 8
-33614054
Convert -91a82 (base 11) to base 10.
-134400
Convert -11110111011 (base 3) to base 12.
-429b7
637826 (base 11) to base 15
1525b2
What is 3044206 (base 7) in base 8?
1306773
Convert -5c007 (base 14) to base 3.
-102102122220
2881b0 (base 13) to base 2
11110001011100100010
Convert -197c86 (base 14) to base 16.
-dd01e
334744 (base 10) to base 6
11101424
Convert 1611602 (base 11) to base 9.
5157500
What is 1477 (base 8) in base 13?
4bc
Convert -342c1 (base 13) to base 12.
-46b5a
What is -103239 (base 15) in base 14?
-160884
Convert 20553430 (base 8) to base 12.
1572b88
What is 323264 (base 7) in base 10?
56396
20001121102012 (base 3) to base 2
1100010010001101000111
What is -53244312 (base 6) in base 2?
-101